ided by 3045.
2580
What is the remainder when 17495097 is divided by 5831696?
9
Calculate the remainder when 150932 is divided by 21555.
47
What is the remainder when 637330 is divided by 53063?
574
What is the remainder when 400618 is divided by 3756?
2482
What is the remainder when 1140791 is divided by 57039?
11
Calculate the remainder when 89119 is divided by 266.
9
Calculate the remainder when 231663 is divided by 262.
55
What is the remainder when 4249661 is divided by 1962?
1931
Calculate the remainder when 1214053 is divided by 121395.
103
What is the remainder when 9817438 is divided by 4908704?
30
Calculate the remainder when 3973237 is divided by 715.
697
What is the remainder when 1411157 is divided by 535?
362
What is the remainder when 696615 is divided by 174153?
3
Calculate the remainder when 19294369 is divided by 2756337.
10
What is the remainder when 123949155 is divided by 6?
3
What is the remainder when 502554 is divided by 83759?
0
Calculate the remainder when 32798 is divided by 4503.
1277
Calculate the remainder when 15197845 is divided by 6582.
7
Calculate the remainder when 902055 is divided by 199.
187
What is the remainder when 5949768 is divided by 11121?
33
Calculate the remainder when 42940 is divided by 2332.
964
What is the remainder when 12286660 is divided by 65?
35
Calculate the remainder when 481167 is divided by 635.
472
What is the remainder when 333953 is divided by 333915?
38
Calculate the remainder when 3181832 is divided by 1047.
1046
What is the remainder when 5092641 is divided by 19?
14
What is the remainder when 4412162 is divided by 55849?
91
What is the remainder when 11950400 is divided by 107?
105
What is the remainder when 47493411 is divided by 2828?
2807
Calculate the remainder when 980348 is divided by 2122.
2106
What is the remainder when 739069 is divided by 347?
306
Calculate the remainder when 435600 is divided by 194.
70
What is the remainder when 891093 is divided by 400?
293
What is the remainder when 548811 is divided by 2828?
179
What is the remainder when 6929052 is divided by 580?
372
What is the remainder when 322451 is divided by 2300?
451
What is the remainder when 342671 is divided by 1176?
455
Calculate the remainder when 9214359 is divided by 1816.
1791
What is the remainder when 14629 is divided by 14313?
316
Calculate the remainder when 4910973 is divided by 86.
29
Calculate the remainder when 12642414 is divided by 73.
55
Calculate the remainder when 73078641 is divided by 871.
870
What is the remainder when 3205535 is divided by 3205470?
65
What is the remainder when 329571 is divided by 1693?
1129
What is the remainder when 113985 is divided by 3925?
160
Calculate the remainder when 104235047 is divided by 4737956.
15
What is the remainder when 241517 is divided by 4459?
731
What is the remainder when 28392512 is divided by 2473?
2472
What is the remainder when 145186 is divided by 48367?
85
Calculate the remainder when 46482591 is divided by 3853.
3852
Calculate the remainder when 463727 is divided by 231318.
1091
Calculate the remainder when 7417729 is divided by 69324.
61
What is the remainder when 70904 is divided by 1863?
110
What is the remainder when 11086044 is divided by 238?
4
What is the remainder when 98863 is divided by 3568?
2527
What is the remainder when 1677153 is divided by 6490?
2733
Calculate the remainder when 2916315 is divided by 291631.
5
What is the remainder when 14028 is divided by 841?
572
What is the remainder when 672382 is divided by 2463?
2446
Calculate the remainder when 1558062 is divided by 22912.
46
What is the remainder when 81022 is divided by 2520?
382
What is the remainder when 289280 is divided by 19284?
20
Calculate the remainder when 366667017 is divided by 2580.
2577
What is the remainder when 753874 is divided by 940?
934
What is the remainder when 270617 is divided by 649?
633
Calculate the remainder when 748991 is divided by 5806.
17
What is the remainder when 715537 is divided by 143072?
177
What is the remainder when 37151 is divided by 3770?
3221
Calculate the remainder when 4141826 is divided by 1593.
26
Calculate the remainder when 1708134 is divided by 569378.
0
Calculate the remainder when 19632899 is divided by 28.
27
Calculate the remainder when 73255 is divided by 1983.
1867
Calculate the remainder when 20236 is divided by 9985.
266
Calculate the remainder when 12302185 is divided by 1431.
1309
What is the remainder when 18689771 is divided by 207664?
11
What is the remainder when 5947351 is divided by 4?
3
Calculate the remainder when 939428 is divided by 930.
128
Calculate the remainder when 6085536 is divided by 270.
6
Calculate the remainder when 893818 is divided by 1087.
304
What is the remainder when 183862699 is divided by 628?
627
What is the remainder when 3953270 is divided by 564750?
20
Calculate the remainder when 125518 is divided by 9571.
1095
Calculate the remainder when 846618 is divided by 5463.
5316
What is the remainder when 1353728 is divided by 1353492?
236
What is the remainder when 19990 is divided by 3346?
3260
Calculate the remainder when 1461464 is divided by 487152.
8
What is the remainder when 33844797 is divided by 30824?
45
What is the remainder when 991667 is divided by 41317?
59
Calculate the remainder when 15388409 is divided by 18.
11
What is the remainder when 39952 is divided by 209?
33
What is the remainder when 685284 is divided by 52706?
106
What is the remainder when 4468226 is divided by 15957?
266
What is the remainder when 4321808 is divided by 205?
203
What is the remainder when 26518 is divided by 13?
11
Calculate the remainder when 558 is divided by 426.
132
What is the remainder when 34180093 is divided by 17?
12
What is the remainder when 44133 is divided by 6612?
4461
Calculate the remainder when 73620 is divided by 10080.
3060
What is the remainder when 202783 is divided by 11920?
143
Calculate the remainder when 113822 is divided by 16228.
226
Calculate the remainder when 52938349 is divided by 877.
875
What is the remainder when 1372784 is divided by 832?
816
What is the remainder when 1773039 is divided by 878?
357
What is the remainder when 1151951 is divided by 817?
798
What is the remainder when 2692932 is divided by 346?
14
What is the remainder when 14158 is divided by 790?
728
What is the remainder when 429388 is divided by 214675?
38
Calculate the remainder when 1810751 is divided by 2640.
2351
Calculate the remainder when 2284071 is divided by 563.
543
What is the remainder when 450779561 is divided by 37?
14
Calculate the remainder when 47609 is divided by 47458.
151
What is the remainder when 354442272 is divided by 423?
420
What is the remainder when 123 is divided by 80?
43
What is the remainder when 6345154 is divided by 6345090?
64
Calculate the remainder when 7262235 is divided by 89.
13
Calculate the remainder when 21668256 is divided by 1002.
6
Calculate the remainder when 1329015 is divided by 261.
3
Calculate the remainder when 17522355 is divided by 893.
802
What is the remainder when 776758 is divided by 3437?
3433
What is the remainder when 1685982 is divided by 472?
470
What is the remainder when 855102 is divided by 285032?
6
What is the remainder when 160732253 is divided by 26788708?
5
Calculate the remainder when 8940167 is divided by 844.
519
Calculate the remainder when 8585276 is divided by 182.
154
Calculate the remainder when 14851 is divided by 1335.
166
What is the remainder when 2703751 is divided by 541?
374
Calculate the remainder when 5661556 is divided by 2401.
2399
What is the remainder when 3990225 is divided by 76730?
265
Calculate the remainder when 11530762 is divided by 811.
775
Calculate the remainder when 842027 is divided by 60144.
11
What is the remainder when 2842903 is divided by 820?
783
Calculate the remainder when 112982 is divided by 28127.
474
Calculate the remainder when 71381 is divided by 6479.
112
Calculate the remainder when 52277828 is divided by 1226.
1188
Calculate the remainder when 3170264 is divided by 44028.
248
Calculate the remainder when 224954 is divided by 375.
329
Calculate the remainder when 379154 is divided by 113.
39
Calculate the remainder when 139754 is divided by 254.
54
Wha